36*d + 222 = -318. Calculate the greatest common divisor of d and 195.
15
Let k = -279 - -348. Let q(n) = -3*n + 5. Let w be q(-4). Suppose 2*j - w = j - r, -3*r = -3*j + k. Calculate the greatest common divisor of j and 10.
10
Suppose 4*i + 504 = 7*i. Let q = 26 + -17. Suppose -208 + 19 = -q*a. Calculate the highest common divisor of i and a.
21
Let w = -78 + 113. Let b = 9 + 26. Calculate the greatest common divisor of w and b.
35
Let i(h) = -2*h + 18. Let y be i(7). Let v be (11 - (6 - y)) + 2. What is the greatest common divisor of 88 and v?
11
Suppose 59 = 2*a - 5*q + 10, 2*q + 25 = a. Suppose 0 = -7*b + 111 - a. Calculate the highest common factor of 12 and b.
12
Let k(i) = -4*i + 6 + 67*i**2 - 5 - 58*i**2. Let s be k(6). What is the greatest common divisor of s and 43?
43
Suppose 64 = 4*s - 0*f - f, 72 = 4*s - 3*f. Suppose 4*v = -4*b - 80, 39 = -2*v - b - 6. Let g = s - v. Calculate the highest common factor of g and 5.
5
Suppose 4*k + 2*z = 2376, -18*k + 2970 = -13*k - 5*z. What is the greatest common divisor of 54 and k?
54
Let k be (-4 - -5)/(1/26). Suppose r = 4*n - 38, k = -3*n + 5*r + 63. Let q be -1 + 9/(n/10). What is the greatest common divisor of q and 63?
9
Let f be (-6030)/(-268)*(4/3 - 0). What is the greatest common factor of f and 18?
6
Let w(r) = -r**3 + 1. Let y be w(0). Calculate the highest common factor of 13 and y.
1
Suppose -9 - 5 = -g. Suppose -162 = -26*a - 55*a. What is the greatest common divisor of a and g?
2
Let o be 32 + (-121)/(-11)*-1. Suppose 5*x - 213 = -3. What is the highest common divisor of x and o?
21
Let i be (0 - (-509 + 2)) + -3. What is the greatest common divisor of i and 112?
56
Let a = 22 + -20. Let g = -23 + 28. Suppose 0*j - 19 = -a*j - 3*k, -4*j = g*k - 37. Calculate the greatest common factor of j and 24.
8
Suppose 5*x - 52 = 13. Suppose -k = -0 - x. What is the highest common factor of 26 and k?
13
Let b = -722 - -1370. What is the greatest common factor of 72 and b?
72
Let f be 114/42 + 4/14. Suppose 0 = 3*l + 2*n - 4, l - 5*n = 2*l + f. Calculate the greatest common divisor of 2 and l.
2
Let x = -29 - -33. Let o be (-27 + x)*(-2 + (-2)/(-2)). Calculate the greatest common factor of 92 and o.
23
Let a(p) = p**3 + 6*p**2. Let q be a(-3). Let w = -25 + 30. Let k(b) = b + 22. Let x be k(w). Calculate the greatest common factor of q and x.
27
Suppose 3*s - 360 = -2*p, 6*s + 2*s - p - 960 = 0. Let g(h) = -20*h. Let j be g(-2). What is the greatest common divisor of s and j?
40
Let v be (-2)/8 - (-2)/8. Let h be -2 + v/(-1) + 13. Calculate the highest common factor of h and 77.
11
Let r = -39 + 59. Let k be (-10)/8*(1 - -11). Let f = r + k. What is the greatest common divisor of 10 and f?
5
Let y = -936 + 1086. What is the greatest common divisor of 550 and y?
50
Suppose i + i - 10 = 0. Let b(s) = -19*s - 3. Let o be b(1). Let d = o - -57. Calculate the highest common factor of d and i.
5
Suppose -2*g = -23 - 11. Let o = 75 + -69. Suppose 46 = -o*i + 1168. Calculate the greatest common factor of g and i.
17
Let z = -2638 - -2742. Calculate the highest common factor of 1404 and z.
52
Let x be (6 - 189/(-14))*2. Calculate the greatest common divisor of 65 and x.
13
Let x = 5 + 31. Let p(s) = -s**2 + 108. Let z be p(0). Calculate the highest common factor of x and z.
36
Suppose -2*p = 4*f - 62, -p + 3 = -f - 40. Calculate the greatest common factor of 104 and p.
13
Let l(g) = 6*g - 11. Let b be l(5). Suppose b = 3*z - 44. Suppose -u = -z + 5. What is the highest common factor of 24 and u?
8
Suppose 13 + 17 = 3*w. Let n = -92 + 202. Calculate the greatest common divisor of n and w.
10
Suppose 0 = -2*c - 3*z + 45, 138 = 5*c - z - 0. Let i be c/3 + 6 + -5. What is the greatest common divisor of i and 30?
10
Suppose 219 = -7*c - 26. Let q = 51 + c. Calculate the greatest common factor of 48 and q.
16
Suppose 5*s + 3*m = 267, -2*s - 3*m + 32 = -73. Calculate the highest common factor of 189 and s.
27
Let f(w) = 20*w - 2. Let l be f(3). Let z = l + -37. Let m be (-4)/14 + 8246/49. What is the greatest common factor of z and m?
21
Suppose 0 = -76*n + 72*n - 4, -397 = -2*v - 3*n. What is the greatest common factor of 80 and v?
40
Let d = 1415 + -530. Calculate the greatest common factor of 15 and d.
15
Let o(u) = -3*u - 6. Let d be o(-10). Suppose 3*c - k - 29 = 7, -48 = -4*c - 5*k. Calculate the greatest common factor of d and c.
12
Let z = 237 + -162. Let w be 44/(3/(z/10)). What is the highest common divisor of 10 and w?
10
Let w be 6 + 3/((-6)/(-32)). What is the highest common factor of w and 2?
2
Let g(u) = -u - 10. Let f be g(-16). Suppose -5*d + h = -68, -d + f = -5*h + 2. What is the greatest common divisor of 35 and d?
7
Let k(w) = 246*w + 1024. Let p be k(-4). Suppose -f + a + 10 = 0, 0 = -f + 4*f + 3*a. Let o be f/((2 + -1)/1). What is the highest common divisor of p and o?
5
Let k = -55 - -31. Let g = 27 + k. Suppose 15 = 5*v - h, 4*v = 3*v + 2*h + g. What is the greatest common factor of 1 and v?
1
Let x = 197 + -120. Suppose 0*l + x = 7*l. Suppose 0 = 2*o - 4*i - 240, 0 = -2*o + i + l + 235. What is the greatest common factor of o and 31?
31
Let d(g) = -g**3 - 10*g**2 - 36*g - 12. Let z be d(-7). Calculate the greatest common divisor of z and 837.
93
Let i = 423 + -43. Calculate the greatest common divisor of i and 80.
20
Suppose 98 = -5*n + 473. Suppose -n = -2*r - r. Calculate the greatest common divisor of r and 50.
25
Let h(d) = -d**3 + 10*d**2 + d + 4. Let f be h(10). Let t be -1*((-20)/4 - 9). What is the highest common divisor of f and t?
14
Let w = -9 + 12. Suppose 2*h - 30 = -5*v, -5*h = -w*h + v - 14. Suppose -a = a - 5*y - 17, 2*a + h*y = 27. Calculate the highest common divisor of 11 and a.
11
Suppose -203 + 73 = -13*b. What is the greatest common divisor of b and 110?
10
Suppose 5*a = -5*r - 1190, 4*r + 201 + 746 = -5*a. Let c = r + 433. Calculate the greatest common divisor of 19 and c.
19
Suppose 0 = -3*x + x + 4. Suppose -2*u + 32 = l, 0 = 3*l + x*u - 6*u - 86. Calculate the highest common divisor of l and 12.
6
Let o = -1283 + 887. Let r be o/(-42) - (16/14)/(-2). What is the greatest common factor of r and 15?
5
Suppose h + 3*q = 0, 3*q = h - 2*q + 24. Let p(r) = r**2 + 9*r + 13. Let y be p(h). Calculate the greatest common factor of y and 208.
13
Let d(y) = -y**3 - 5*y**2 - 4*y + 19. Let c be d(-6). Let q = 81 - c. What is the greatest common divisor of q and 22?
2
Let z = -80 - -155. Suppose -3*h - z = -5*b, -6*h + 2*h = 0. Suppose 3*l + 6 = 4*l. Calculate the highest common factor of l and b.
3
Let w = 322 + -309. Let s = -40 + 248. Calculate the greatest common factor of s and w.
13
Let d be 6/((12/(-99))/(-2)). Let i be 9 + (-4 + 20)/(-4). Let y = 16 - i. Calculate the highest common divisor of d and y.
11
Let x(k) = 64*k**2 - 31*k**2 - 31*k**2 - 7*k + 23. Let c be x(10). Calculate the highest common divisor of c and 17.
17
Let j be 10 + (-162)/(-10)*5. Let a be 1 + 9 + (-15)/(-5). Calculate the greatest common divisor of a and j.
13
Suppose -14*z = 8*z - 2970. Calculate the greatest common factor of 162 and z.
27
Let n be ((-37)/(-74) - (-1)/2)*181. Calculate the highest common divisor of n and 1.
1
Suppose 45*d - 5*d - 5280 = 0. Calculate the greatest common factor of d and 99.
33
Let b(s) = -30*s - 204. Let f be b(-7). Suppose -u + 5 + 4 = 0. What is the greatest common divisor of f and u?
3
Suppose 0 = 8*i + 28 - 100. Suppose -2*n + 64 = -104. Suppose 0 = -3*s + 3*r + n, s = 4*s + r - 80. Calculate the greatest common factor of i and s.
9
Let x be -2*(-3)/(-6)*-5. Let h be (-2)/(x/(1310/4)). Let b = -67 - h. Calculate the greatest common divisor of 16 and b.
16
Suppose -3*s - 20 + 116 = -2*g, 0 = -g. Calculate the highest common factor of 128 and s.
32
Suppose 75*u - 2742 + 417 = 0. Calculate the highest common factor of u and 155.
31
Suppose -2*l - 3*v = -52, 6*v - 31 = -l + 7*v. Calculate the greatest common factor of l and 522.
29
Let s(c) = -c - 17. Let l be s(-21). Suppose 0*o - l*o + 1728 = 0. What is the greatest common divisor of 48 and o?
48
Let s be (-26 + 8)*(-7)/(21/2). Calculate the greatest common divisor of s and 36.
12
Let g be ((-12)/8)/((-6)/44). Suppose -7*x + 53 = g. Calculate the greatest common divisor of 30 and x.
6
Suppose -5*m + 5*i